{"id":994,"date":"2026-01-22T14:58:32","date_gmt":"2026-01-22T14:58:32","guid":{"rendered":"https:\/\/vkgaleb.com\/?page_id=994"},"modified":"2026-01-22T15:03:06","modified_gmt":"2026-01-22T15:03:06","slug":"veslacima-prijala-vlasina","status":"publish","type":"page","link":"https:\/\/vkgaleb.com\/index.php\/veslacima-prijala-vlasina\/","title":{"rendered":"Vesla\u010dima prijala Vlasina"},"content":{"rendered":"\t\t<div data-elementor-type=\"wp-page\" data-elementor-id=\"994\" class=\"elementor elementor-994\">\n\t\t\t\t<div class=\"elementor-element elementor-element-f45e055 e-flex e-con-boxed e-con e-parent\" data-id=\"f45e055\" data-element_type=\"container\">\n\t\t\t\t\t<div class=\"e-con-inner\">\n\t\t\t\t<div class=\"elementor-element elementor-element-d88b9b6 elementor-widget elementor-widget-text-editor\" data-id=\"d88b9b6\" data-element_type=\"widget\" data-widget_type=\"text-editor.default\">\n\t\t\t\t\t\t\t\t\t<p>Na\u0161i pioniri, kadeti i juniori pod stru\u010dnim nadzorom dvojice trenera na Vlasinskom jezeru od osmog do 17. januara odradili su kvalitetne pripreme za predstoje\u0107u sezonu s akcentom na fizi\u010dku pripremu, ja\u010danju timskog duha, discipline i familijarne atmosfere.<\/p><p>Trena\u017eni proces je bio prilago\u0111en uzrastu vesla\u010da (24) i nivou obu\u010denosti, stoga su pioniri zadatke izvr\u0161avali kroz igru, takmi\u010denja i raznorazne zabavne aktivnosti. Kadeti i juniori imali pun takmi\u010darski program s uve\u0107anim aerobnim obimom u odnosu na redovne treninge u klubu.<\/p><p>Prepodnevni treninzi su obuhvatali pe\u0161a\u010denje, tr\u010danje i vo\u017enju bicikla; popodnevni u zatvorenom prostoru rad na ergometru i razli\u010ditim poligonima, garniran \u0161tafetnim igrama i sportovima s loptom poput fudbala, ko\u0161arke i rukometa.<\/p><p>S povratkom u Zemun je nastavljen zahtevan takmi\u010darski program kako bismo \u0161to spremnije do\u010dekali po\u010detak sezone, uspe\u0161niji bili nego u minuloj.<\/p>\t\t\t\t\t\t\t\t<\/div>\n\t\t\t\t\t<\/div>\n\t\t\t\t<\/div>\n\t\t<div class=\"elementor-element elementor-element-966d320 e-flex e-con-boxed e-con e-parent\" data-id=\"966d320\" data-element_type=\"container\">\n\t\t\t\t\t<div class=\"e-con-inner\">\n\t\t<div class=\"elementor-element elementor-element-a7c498a e-con-full e-flex e-con e-child\" data-id=\"a7c498a\" data-element_type=\"container\">\n\t\t\t\t<div class=\"elementor-element elementor-element-73e1580 elementor-widget elementor-widget-image\" data-id=\"73e1580\" data-element_type=\"widget\" data-widget_type=\"image.default\">\n\t\t\t\t\t\t\t\t\t\t\t\t\t\t\t<img fetchpriority=\"high\" decoding=\"async\" width=\"576\" height=\"1024\" src=\"https:\/\/vkgaleb.com\/wp-content\/uploads\/2026\/01\/0-02-05-167d23c41e7a9603a1d9dfb05b1c9d704d7e2a666bd22138fb6c05c1b11c1fcf_474a79c158a6300e-1-576x1024.jpg\" class=\"attachment-large size-large wp-image-1004\" alt=\"\" srcset=\"https:\/\/vkgaleb.com\/wp-content\/uploads\/2026\/01\/0-02-05-167d23c41e7a9603a1d9dfb05b1c9d704d7e2a666bd22138fb6c05c1b11c1fcf_474a79c158a6300e-1-576x1024.jpg 576w, https:\/\/vkgaleb.com\/wp-content\/uploads\/2026\/01\/0-02-05-167d23c41e7a9603a1d9dfb05b1c9d704d7e2a666bd22138fb6c05c1b11c1fcf_474a79c158a6300e-1-169x300.jpg 169w, https:\/\/vkgaleb.com\/wp-content\/uploads\/2026\/01\/0-02-05-167d23c41e7a9603a1d9dfb05b1c9d704d7e2a666bd22138fb6c05c1b11c1fcf_474a79c158a6300e-1-768x1365.jpg 768w, https:\/\/vkgaleb.com\/wp-content\/uploads\/2026\/01\/0-02-05-167d23c41e7a9603a1d9dfb05b1c9d704d7e2a666bd22138fb6c05c1b11c1fcf_474a79c158a6300e-1-864x1536.jpg 864w, https:\/\/vkgaleb.com\/wp-content\/uploads\/2026\/01\/0-02-05-167d23c41e7a9603a1d9dfb05b1c9d704d7e2a666bd22138fb6c05c1b11c1fcf_474a79c158a6300e-1.jpg 900w\" sizes=\"(max-width: 576px) 100vw, 576px\" \/>\t\t\t\t\t\t\t\t\t\t\t\t\t\t\t<\/div>\n\t\t\t\t<\/div>\n\t\t<div class=\"elementor-element elementor-element-aa3a90e e-con-full e-flex e-con e-child\" data-id=\"aa3a90e\" data-element_type=\"container\">\n\t\t\t\t<div class=\"elementor-element elementor-element-9b293b6 elementor-widget elementor-widget-image\" data-id=\"9b293b6\" data-element_type=\"widget\" data-widget_type=\"image.default\">\n\t\t\t\t\t\t\t\t\t\t\t\t\t\t\t<img decoding=\"async\" src=\"https:\/\/vkgaleb.com\/wp-content\/uploads\/elementor\/thumbs\/0-02-05-64ae37bbcf7f50fd08e14a19099e080a039efe5926da07c9c652ebc9e06dbc36_35932c8391950825-4-ri1afv75wrfj7txckev4x6z9bxz9zyi263jlesncio.jpg\" title=\"0-02-05-64ae37bbcf7f50fd08e14a19099e080a039efe5926da07c9c652ebc9e06dbc36_35932c8391950825-4\" alt=\"0-02-05-64ae37bbcf7f50fd08e14a19099e080a039efe5926da07c9c652ebc9e06dbc36_35932c8391950825-4\" loading=\"lazy\" \/>\t\t\t\t\t\t\t\t\t\t\t\t\t\t\t<\/div>\n\t\t\t\t<\/div>\n\t\t\t\t\t<\/div>\n\t\t\t\t<\/div>\n\t\t\t\t<\/div>\n\t\t","protected":false},"excerpt":{"rendered":"<p>Na\u0161i pioniri, kadeti i juniori pod stru\u010dnim nadzorom dvojice trenera na Vlasinskom jezeru od osmog do 17. januara odradili su kvalitetne pripreme za predstoje\u0107u sezonu s akcentom na fizi\u010dku pripremu, ja\u010danju timskog duha, discipline i familijarne atmosfere. Trena\u017eni proces je bio prilago\u0111en uzrastu vesla\u010da (24) i nivou obu\u010denosti, stoga su pioniri zadatke izvr\u0161avali kroz igru, [&hellip;]<\/p>\n","protected":false},"author":1,"featured_media":0,"parent":0,"menu_order":0,"comment_status":"closed","ping_status":"closed","template":"","meta":{"footnotes":""},"class_list":["post-994","page","type-page","status-publish","hentry"],"yoast_head":"<!-- This site is optimized with the Yoast SEO plugin v27.3 - https:\/\/yoast.com\/product\/yoast-seo-wordpress\/ -->\n<title>Vesla\u010dima prijala Vlasina - VK Galeb<\/title>\n<meta name=\"robots\" content=\"index, follow, max-snippet:-1, max-image-preview:large, max-video-preview:-1\" \/>\n<link rel=\"canonical\" href=\"https:\/\/vkgaleb.com\/index.php\/veslacima-prijala-vlasina\/\" \/>\n<meta property=\"og:locale\" content=\"en_US\" \/>\n<meta property=\"og:type\" content=\"article\" \/>\n<meta property=\"og:title\" content=\"Vesla\u010dima prijala Vlasina - VK Galeb\" \/>\n<meta property=\"og:description\" content=\"Na\u0161i pioniri, kadeti i juniori pod stru\u010dnim nadzorom dvojice trenera na Vlasinskom jezeru od osmog do 17. januara odradili su kvalitetne pripreme za predstoje\u0107u sezonu s akcentom na fizi\u010dku pripremu, ja\u010danju timskog duha, discipline i familijarne atmosfere. Trena\u017eni proces je bio prilago\u0111en uzrastu vesla\u010da (24) i nivou obu\u010denosti, stoga su pioniri zadatke izvr\u0161avali kroz igru, [&hellip;]\" \/>\n<meta property=\"og:url\" content=\"https:\/\/vkgaleb.com\/index.php\/veslacima-prijala-vlasina\/\" \/>\n<meta property=\"og:site_name\" content=\"VK Galeb\" \/>\n<meta property=\"article:modified_time\" content=\"2026-01-22T15:03:06+00:00\" \/>\n<meta property=\"og:image\" content=\"https:\/\/vkgaleb.com\/wp-content\/uploads\/2026\/01\/0-02-05-167d23c41e7a9603a1d9dfb05b1c9d704d7e2a666bd22138fb6c05c1b11c1fcf_474a79c158a6300e-1.jpg\" \/>\n\t<meta property=\"og:image:width\" content=\"900\" \/>\n\t<meta property=\"og:image:height\" content=\"1600\" \/>\n\t<meta property=\"og:image:type\" content=\"image\/jpeg\" \/>\n<meta name=\"twitter:card\" content=\"summary_large_image\" \/>\n<meta name=\"twitter:label1\" content=\"Est. reading time\" \/>\n\t<meta name=\"twitter:data1\" content=\"1 minute\" \/>\n<script type=\"application\/ld+json\" class=\"yoast-schema-graph\">{\"@context\":\"https:\\\/\\\/schema.org\",\"@graph\":[{\"@type\":\"WebPage\",\"@id\":\"https:\\\/\\\/vkgaleb.com\\\/index.php\\\/veslacima-prijala-vlasina\\\/\",\"url\":\"https:\\\/\\\/vkgaleb.com\\\/index.php\\\/veslacima-prijala-vlasina\\\/\",\"name\":\"Vesla\u010dima prijala Vlasina - VK Galeb\",\"isPartOf\":{\"@id\":\"https:\\\/\\\/vkgaleb.com\\\/#website\"},\"primaryImageOfPage\":{\"@id\":\"https:\\\/\\\/vkgaleb.com\\\/index.php\\\/veslacima-prijala-vlasina\\\/#primaryimage\"},\"image\":{\"@id\":\"https:\\\/\\\/vkgaleb.com\\\/index.php\\\/veslacima-prijala-vlasina\\\/#primaryimage\"},\"thumbnailUrl\":\"https:\\\/\\\/vkgaleb.com\\\/wp-content\\\/uploads\\\/2026\\\/01\\\/0-02-05-167d23c41e7a9603a1d9dfb05b1c9d704d7e2a666bd22138fb6c05c1b11c1fcf_474a79c158a6300e-1-576x1024.jpg\",\"datePublished\":\"2026-01-22T14:58:32+00:00\",\"dateModified\":\"2026-01-22T15:03:06+00:00\",\"breadcrumb\":{\"@id\":\"https:\\\/\\\/vkgaleb.com\\\/index.php\\\/veslacima-prijala-vlasina\\\/#breadcrumb\"},\"inLanguage\":\"en-US\",\"potentialAction\":[{\"@type\":\"ReadAction\",\"target\":[\"https:\\\/\\\/vkgaleb.com\\\/index.php\\\/veslacima-prijala-vlasina\\\/\"]}]},{\"@type\":\"ImageObject\",\"inLanguage\":\"en-US\",\"@id\":\"https:\\\/\\\/vkgaleb.com\\\/index.php\\\/veslacima-prijala-vlasina\\\/#primaryimage\",\"url\":\"https:\\\/\\\/vkgaleb.com\\\/wp-content\\\/uploads\\\/2026\\\/01\\\/0-02-05-167d23c41e7a9603a1d9dfb05b1c9d704d7e2a666bd22138fb6c05c1b11c1fcf_474a79c158a6300e-1.jpg\",\"contentUrl\":\"https:\\\/\\\/vkgaleb.com\\\/wp-content\\\/uploads\\\/2026\\\/01\\\/0-02-05-167d23c41e7a9603a1d9dfb05b1c9d704d7e2a666bd22138fb6c05c1b11c1fcf_474a79c158a6300e-1.jpg\",\"width\":900,\"height\":1600},{\"@type\":\"BreadcrumbList\",\"@id\":\"https:\\\/\\\/vkgaleb.com\\\/index.php\\\/veslacima-prijala-vlasina\\\/#breadcrumb\",\"itemListElement\":[{\"@type\":\"ListItem\",\"position\":1,\"name\":\"Home\",\"item\":\"https:\\\/\\\/vkgaleb.com\\\/\"},{\"@type\":\"ListItem\",\"position\":2,\"name\":\"Vesla\u010dima prijala Vlasina\"}]},{\"@type\":\"WebSite\",\"@id\":\"https:\\\/\\\/vkgaleb.com\\\/#website\",\"url\":\"https:\\\/\\\/vkgaleb.com\\\/\",\"name\":\"VK Galeb\",\"description\":\"\",\"publisher\":{\"@id\":\"https:\\\/\\\/vkgaleb.com\\\/#organization\"},\"potentialAction\":[{\"@type\":\"SearchAction\",\"target\":{\"@type\":\"EntryPoint\",\"urlTemplate\":\"https:\\\/\\\/vkgaleb.com\\\/?s={search_term_string}\"},\"query-input\":{\"@type\":\"PropertyValueSpecification\",\"valueRequired\":true,\"valueName\":\"search_term_string\"}}],\"inLanguage\":\"en-US\"},{\"@type\":\"Organization\",\"@id\":\"https:\\\/\\\/vkgaleb.com\\\/#organization\",\"name\":\"VK Galeb\",\"url\":\"https:\\\/\\\/vkgaleb.com\\\/\",\"logo\":{\"@type\":\"ImageObject\",\"inLanguage\":\"en-US\",\"@id\":\"https:\\\/\\\/vkgaleb.com\\\/#\\\/schema\\\/logo\\\/image\\\/\",\"url\":\"https:\\\/\\\/vkgaleb.com\\\/wp-content\\\/uploads\\\/2026\\\/01\\\/cropped-galeb_logo-100x100-1.png\",\"contentUrl\":\"https:\\\/\\\/vkgaleb.com\\\/wp-content\\\/uploads\\\/2026\\\/01\\\/cropped-galeb_logo-100x100-1.png\",\"width\":100,\"height\":100,\"caption\":\"VK Galeb\"},\"image\":{\"@id\":\"https:\\\/\\\/vkgaleb.com\\\/#\\\/schema\\\/logo\\\/image\\\/\"}}]}<\/script>\n<!-- \/ Yoast SEO plugin. -->","yoast_head_json":{"title":"Vesla\u010dima prijala Vlasina - VK Galeb","robots":{"index":"index","follow":"follow","max-snippet":"max-snippet:-1","max-image-preview":"max-image-preview:large","max-video-preview":"max-video-preview:-1"},"canonical":"https:\/\/vkgaleb.com\/index.php\/veslacima-prijala-vlasina\/","og_locale":"en_US","og_type":"article","og_title":"Vesla\u010dima prijala Vlasina - VK Galeb","og_description":"Na\u0161i pioniri, kadeti i juniori pod stru\u010dnim nadzorom dvojice trenera na Vlasinskom jezeru od osmog do 17. januara odradili su kvalitetne pripreme za predstoje\u0107u sezonu s akcentom na fizi\u010dku pripremu, ja\u010danju timskog duha, discipline i familijarne atmosfere. Trena\u017eni proces je bio prilago\u0111en uzrastu vesla\u010da (24) i nivou obu\u010denosti, stoga su pioniri zadatke izvr\u0161avali kroz igru, [&hellip;]","og_url":"https:\/\/vkgaleb.com\/index.php\/veslacima-prijala-vlasina\/","og_site_name":"VK Galeb","article_modified_time":"2026-01-22T15:03:06+00:00","og_image":[{"width":900,"height":1600,"url":"https:\/\/vkgaleb.com\/wp-content\/uploads\/2026\/01\/0-02-05-167d23c41e7a9603a1d9dfb05b1c9d704d7e2a666bd22138fb6c05c1b11c1fcf_474a79c158a6300e-1.jpg","type":"image\/jpeg"}],"twitter_card":"summary_large_image","twitter_misc":{"Est. reading time":"1 minute"},"schema":{"@context":"https:\/\/schema.org","@graph":[{"@type":"WebPage","@id":"https:\/\/vkgaleb.com\/index.php\/veslacima-prijala-vlasina\/","url":"https:\/\/vkgaleb.com\/index.php\/veslacima-prijala-vlasina\/","name":"Vesla\u010dima prijala Vlasina - VK Galeb","isPartOf":{"@id":"https:\/\/vkgaleb.com\/#website"},"primaryImageOfPage":{"@id":"https:\/\/vkgaleb.com\/index.php\/veslacima-prijala-vlasina\/#primaryimage"},"image":{"@id":"https:\/\/vkgaleb.com\/index.php\/veslacima-prijala-vlasina\/#primaryimage"},"thumbnailUrl":"https:\/\/vkgaleb.com\/wp-content\/uploads\/2026\/01\/0-02-05-167d23c41e7a9603a1d9dfb05b1c9d704d7e2a666bd22138fb6c05c1b11c1fcf_474a79c158a6300e-1-576x1024.jpg","datePublished":"2026-01-22T14:58:32+00:00","dateModified":"2026-01-22T15:03:06+00:00","breadcrumb":{"@id":"https:\/\/vkgaleb.com\/index.php\/veslacima-prijala-vlasina\/#breadcrumb"},"inLanguage":"en-US","potentialAction":[{"@type":"ReadAction","target":["https:\/\/vkgaleb.com\/index.php\/veslacima-prijala-vlasina\/"]}]},{"@type":"ImageObject","inLanguage":"en-US","@id":"https:\/\/vkgaleb.com\/index.php\/veslacima-prijala-vlasina\/#primaryimage","url":"https:\/\/vkgaleb.com\/wp-content\/uploads\/2026\/01\/0-02-05-167d23c41e7a9603a1d9dfb05b1c9d704d7e2a666bd22138fb6c05c1b11c1fcf_474a79c158a6300e-1.jpg","contentUrl":"https:\/\/vkgaleb.com\/wp-content\/uploads\/2026\/01\/0-02-05-167d23c41e7a9603a1d9dfb05b1c9d704d7e2a666bd22138fb6c05c1b11c1fcf_474a79c158a6300e-1.jpg","width":900,"height":1600},{"@type":"BreadcrumbList","@id":"https:\/\/vkgaleb.com\/index.php\/veslacima-prijala-vlasina\/#breadcrumb","itemListElement":[{"@type":"ListItem","position":1,"name":"Home","item":"https:\/\/vkgaleb.com\/"},{"@type":"ListItem","position":2,"name":"Vesla\u010dima prijala Vlasina"}]},{"@type":"WebSite","@id":"https:\/\/vkgaleb.com\/#website","url":"https:\/\/vkgaleb.com\/","name":"VK Galeb","description":"","publisher":{"@id":"https:\/\/vkgaleb.com\/#organization"},"potentialAction":[{"@type":"SearchAction","target":{"@type":"EntryPoint","urlTemplate":"https:\/\/vkgaleb.com\/?s={search_term_string}"},"query-input":{"@type":"PropertyValueSpecification","valueRequired":true,"valueName":"search_term_string"}}],"inLanguage":"en-US"},{"@type":"Organization","@id":"https:\/\/vkgaleb.com\/#organization","name":"VK Galeb","url":"https:\/\/vkgaleb.com\/","logo":{"@type":"ImageObject","inLanguage":"en-US","@id":"https:\/\/vkgaleb.com\/#\/schema\/logo\/image\/","url":"https:\/\/vkgaleb.com\/wp-content\/uploads\/2026\/01\/cropped-galeb_logo-100x100-1.png","contentUrl":"https:\/\/vkgaleb.com\/wp-content\/uploads\/2026\/01\/cropped-galeb_logo-100x100-1.png","width":100,"height":100,"caption":"VK Galeb"},"image":{"@id":"https:\/\/vkgaleb.com\/#\/schema\/logo\/image\/"}}]}},"_links":{"self":[{"href":"https:\/\/vkgaleb.com\/index.php\/wp-json\/wp\/v2\/pages\/994","targetHints":{"allow":["GET"]}}],"collection":[{"href":"https:\/\/vkgaleb.com\/index.php\/wp-json\/wp\/v2\/pages"}],"about":[{"href":"https:\/\/vkgaleb.com\/index.php\/wp-json\/wp\/v2\/types\/page"}],"author":[{"embeddable":true,"href":"https:\/\/vkgaleb.com\/index.php\/wp-json\/wp\/v2\/users\/1"}],"replies":[{"embeddable":true,"href":"https:\/\/vkgaleb.com\/index.php\/wp-json\/wp\/v2\/comments?post=994"}],"version-history":[{"count":10,"href":"https:\/\/vkgaleb.com\/index.php\/wp-json\/wp\/v2\/pages\/994\/revisions"}],"predecessor-version":[{"id":1008,"href":"https:\/\/vkgaleb.com\/index.php\/wp-json\/wp\/v2\/pages\/994\/revisions\/1008"}],"wp:attachment":[{"href":"https:\/\/vkgaleb.com\/index.php\/wp-json\/wp\/v2\/media?parent=994"}],"curies":[{"name":"wp","href":"https:\/\/api.w.org\/{rel}","templated":true}]}}