{"id":983,"date":"2026-01-22T14:56:24","date_gmt":"2026-01-22T14:56:24","guid":{"rendered":"https:\/\/vkgaleb.com\/?page_id=983"},"modified":"2026-01-22T14:57:33","modified_gmt":"2026-01-22T14:57:33","slug":"poslednji-pozdrav-od-veslackog-kluba-galeb","status":"publish","type":"page","link":"https:\/\/vkgaleb.com\/index.php\/poslednji-pozdrav-od-veslackog-kluba-galeb\/","title":{"rendered":"Poslednji pozdrav od vesla\u010dkog kluba galeb\u200b"},"content":{"rendered":"\t\t<div data-elementor-type=\"wp-page\" data-elementor-id=\"983\" class=\"elementor elementor-983\">\n\t\t\t\t<div class=\"elementor-element elementor-element-6853b5e e-flex e-con-boxed e-con e-parent\" data-id=\"6853b5e\" data-element_type=\"container\">\n\t\t\t\t\t<div class=\"e-con-inner\">\n\t\t\t\t<div class=\"elementor-element elementor-element-731bb5b elementor-widget elementor-widget-text-editor\" data-id=\"731bb5b\" data-element_type=\"widget\" data-widget_type=\"text-editor.default\">\n\t\t\t\t\t\t\t\t\t<p data-path-to-node=\"3\">Dr Darko Mitrovi\u0107, redovni profesor, ro\u0111en je, 10. aprila 1963. u Beogradu. Osnovnu \u0161kolu \u201eSvetozar Markovi\u0107\u201c poha\u0111ao je i zavr\u0161io u Beogradu. Srednju \u0161kolu je poha\u0111ao i zavr\u0161io na &#8220;Pedago\u0161koj akademiji&#8221; u Beogradu.<\/p><p data-path-to-node=\"4\">\u0160kolske 1982\/83, je po\u010deo da studira na Fakultetu fizi\u010dke kulture Univerziteta u Beogradu. Fakultet je zavr\u0161io u redovnom roku, \u0161kolske 1986, odbraniv\u0161i diplomski rad, na predmetu Veslanje na Katedri sportova, sa temom: \u201eZna\u010daj Galije u \u0161kolskom fizi\u010dkom vaspitanju\u201c. Diplomski rad je odbranjen sa ocenom 10 (deset), a prose\u010dna ocena tokom studiranja je iznosila 8,5. Magistarsku tezu \u201eFunkcionalne karakteristike vesla\u010da\u201c, odbranio je 1995. na Fakultetu fizi\u010dke kulture Univerziteta u Beogradu. Doktorsku disertaciju \u201eU\u010denje osnovne tehnike veslanja procenjene na osnovu kinemati\u010dkih parametara\u201c odbranio je 2003. na Fakultetu sporta i fizi\u010dkog vaspitanja Univerziteta u Beogradu.<\/p><p data-path-to-node=\"5\">Sportsku karijeru je zapo\u010deo 1975. godine u Vesla\u010dkom klubu &#8220;Crvena Zvezda&#8221; iz Beograda, a zavr\u0161io je takmi\u010darsku karijeru 1989. godine u istom klubu. U toku svoje takmi\u010darske karijere postao je nosilac brojnih titula prvaka dr\u017eave i bio je reprezentativac Jugoslavije od 1980. do 1988. godine, osvaja\u010d bronzane medalje u veslanju na Univerzijadi u Zagrebu 1987. godine i srebrne i bronzane medalje na Svetskom studentskom prvenstvu u veslanju u Amsterdamu 1986. godine. U toku takmi\u010darske karijere bio je i \u010dlan upravnog odbora VK &#8220;Crvena Zvezda&#8221; i \u010dlan skup\u0161tine Sportskog dru\u0161tva &#8220;Crvena Zvezda&#8221; gde je za svoj rad dobio Povelju SD &#8220;Crvena Zvezda&#8221; za razvoj klubova i sportskog dru\u0161tva. U\u010destvovao je u organizaciji nekoliko \u0160ampionata sveta, Evrope, Svetskih i Evropskih kupova u Veslanju, kajaku i raftingu.<\/p><p data-path-to-node=\"6\">Po zavr\u0161etku takmi\u010darske karijere bio je trener u VK &#8220;Crvena Zvezda&#8221;, VK &#8220;Tami\u0161&#8221; iz Pan\u010deva i VK &#8220;Galeb&#8221; iz Zemuna i to u vi\u0161e navrata. Bio je i Predsednik tehni\u010dke komisije i podpredsednik upravnog odbora VK &#8220;Crvena Zvezda&#8221; zadu\u017een za stru\u010dni rad, kao i predsednik VK &#8220;Galeb&#8221; iz Zemuna. Vi\u0161e godina je predsedavao komisijom za izdavanje trenerskih licenci u Vesla\u010dkom Savezu Srbije, sa nekoliko anga\u017eovanja u komisijama Rafting Saveza Srbije i Rafting Asocijacije Srbije. Bio je i \u010dlan komisije za osobe sa posebnim potrebama u okviru Internacionalne rafting Federacije. Za stru\u010dni rad u Raftingu 2014. godine je dobio priznanje Rafting saveza Srbije za razvoj Raftinga u Srbiji.<\/p><p data-path-to-node=\"7\">Bri\u017eni je i po\u017ertvovani otac \u0107erki Na\u0111e i Olimpije.<\/p><p data-path-to-node=\"8\">U toku svoje profesorske karijere duge 35 godina na mati\u010dnom Fakultetu predavao je Teoriju i metodiku veslanja, Rafting, Organizaciju i administraciju u sportu, Uvod u studije Fakulteta fizi\u010dkog vaspitanja i sporta, Menad\u017ement sportskih projekata i doga\u0111aja&#8230; U\u010destvovao je godinama na legendarnim logorovanjima fakulteta. Obavljao je na Fakultetu razli\u010dite funkcije od \u010dlanstva u razli\u010ditim komisijama do \u0161efa Katedre individualnih sportova, prodekana za finansije, Predsednika Saveta Fakulteta&#8230; Prestrukturao je \u010duvenu Vi\u0161u trenersku \u0161kolu u Centar za permanentno obrazovanje trenera. Pored toga idejni je tvorac i organizator strukovnih studija na mati\u010dnom Fakultetu. Jedan period svog \u017eivota bavio se i radom Muzeja sporta na fakultetu, gde je dao veliki doprinos. Nekoliko godina bio je i direktor fonda Olimpijskog komiteta Srbije.<\/p><p data-path-to-node=\"9\">Autor je ud\u017ebenika iz Tehnike i metodike veslanja, vi\u0161e monografija, velikog broja stru\u010dnih i nau\u010dnih radova, kao i nastupa na stru\u010dnim i nau\u010dnim konferencijama nacionalnog i internacionalnog zna\u010daja, kao i izlo\u017ebi i postavki Muzeja sporta. Pored svih mogu\u0107ih izazova uspeo je da u svom radu sa\u010duva su\u0161tinu, nasuprot formi.<\/p><p data-path-to-node=\"10\">Bavio se i sistematizacijom sportskih objekata na nivou Srbije, bio aktivan i inovativan na polju zadu\u017ebinarstva u okviru Beogradskog univerziteta. Bio je aktivan i u razvoju sporta na teritoriji Kosova i Metohije. Jedan je od idejnih tvoraca izgradnje rafting staze u Zubinom Potoku, kao i sportsko rekreativnog centra na Gazivodama. Jedan je od najzaslu\u017enijih za odbranu \u010cukari\u010dkog rukavca od napada Parking servisa, kada su (za sada) spa\u0161eni Vesla\u010dki klubovi Grafi\u010dar, Partizan, Sava, Crvena Zvezda i Nauti\u010dki klub Beograd.<\/p><p data-path-to-node=\"11\">Vrhunski trener i metodi\u010dar, jedan od retkih koji je dostigao nivo metodike nelinearnog motori\u010dkog u\u010denja u veslanju. I pored povremenih klupskih anga\u017eovanja tokom svoje karijere bio je posve\u0107eni profesor veslanja koji je bio jednako na raspolaganju svakom takmi\u010daru, rekreativcu i treneru. Za svakog vesla\u010da je uvek imao toplu re\u010d i o\u010dinski i stru\u010dni savet. Sve svoje aktivnosti obavljao je sa stra\u0161\u0107u i ose\u0107ajem du\u017enosti.<\/p><p data-path-to-node=\"12\">Preveslani i pretr\u010dani kilometri, broj i frekvecija treninga, tone podignutog tereta, veslanje po hladno\u0107i, olujama, magli, mraku, oblikovali su izuzetno jaku li\u010dnost i karakter, sposobne da trpi enormne neda\u0107e. Veslanje u vreme vrha kvantitativne faze u razvoju treninga ostavilo je i svoje negativne posledice. Inhibicija upozorenja organizma da sa radom treba stati koja je po\u017eeljna u veslanju i danas dovodi do toga da ko se tokom trke vi\u0161e pribli\u017ei smrti, taj je pobedio. Posle njegove vesla\u010dke generacije veslalo se manje, re\u0111e i sa manjim intenzitetom, dok su napredku rezultata pogodovali razvoj tehnologije treninga, novi materijali, konstrukcija \u010damaca, i vesala&#8230; Veslanje kao sport tipa izdr\u017eljivosti usled enormnih fizi\u010dkih optere\u0107enja formira pouzdanog, odgovornog, \u010doveka od re\u010di, po\u017ertvovanog \u010dlana zajednice koji joj je neprekidno doprinosio.<\/p><p data-path-to-node=\"13\">\u017diveo je skromno, dok je uvek imao sluha za probleme drugih. Za\u0161titni\u010dki se postavljao prema ugro\u017eenima na svakom mestu i koraku. Posebnu empatiju imao je prema studentima, kao i posebno istan\u010dan ose\u0107aj da prepozna probleme sa kojima se mladi ljudi svakodnevno suo\u010davaju. Jedan je od poslednjih vesla\u010da starog kova i posebno difovaca starog kova koji su interese zajednice uvek stavljali ispred li\u010dnih.<\/p>\t\t\t\t\t\t\t\t<\/div>\n\t\t<div class=\"elementor-element elementor-element-34d77b8 e-con-full e-flex e-con e-child\" data-id=\"34d77b8\" data-element_type=\"container\">\n\t\t<div class=\"elementor-element elementor-element-e1f6c40 e-grid e-con-full e-con e-child\" data-id=\"e1f6c40\" data-element_type=\"container\">\n\t\t\t\t<div class=\"elementor-element elementor-element-27c21ad elementor-widget elementor-widget-image\" data-id=\"27c21ad\" data-element_type=\"widget\" data-widget_type=\"image.default\">\n\t\t\t\t\t\t\t\t\t\t\t\t\t\t\t<img fetchpriority=\"high\" decoding=\"async\" width=\"800\" height=\"600\" src=\"https:\/\/vkgaleb.com\/wp-content\/uploads\/2026\/01\/s1-1024x768.jpg\" class=\"attachment-large size-large wp-image-870\" alt=\"\" srcset=\"https:\/\/vkgaleb.com\/wp-content\/uploads\/2026\/01\/s1-1024x768.jpg 1024w, https:\/\/vkgaleb.com\/wp-content\/uploads\/2026\/01\/s1-300x225.jpg 300w, https:\/\/vkgaleb.com\/wp-content\/uploads\/2026\/01\/s1-768x576.jpg 768w, https:\/\/vkgaleb.com\/wp-content\/uploads\/2026\/01\/s1-1536x1152.jpg 1536w, https:\/\/vkgaleb.com\/wp-content\/uploads\/2026\/01\/s1.jpg 1600w\" sizes=\"(max-width: 800px) 100vw, 800px\" \/>\t\t\t\t\t\t\t\t\t\t\t\t\t\t\t<\/div>\n\t\t\t\t<div class=\"elementor-element elementor-element-6eb9388 elementor-widget elementor-widget-image\" data-id=\"6eb9388\" data-element_type=\"widget\" data-widget_type=\"image.default\">\n\t\t\t\t\t\t\t\t\t\t\t\t\t\t\t<img decoding=\"async\" src=\"https:\/\/vkgaleb.com\/wp-content\/uploads\/elementor\/thumbs\/s3-rhumshf9rstw94elh9gni6fqf25dxyc9t6l2bd2sgk.jpg\" title=\"s3\" alt=\"s3\" loading=\"lazy\" \/>\t\t\t\t\t\t\t\t\t\t\t\t\t\t\t<\/div>\n\t\t\t\t<div class=\"elementor-element elementor-element-da69df1 elementor-widget elementor-widget-image\" data-id=\"da69df1\" data-element_type=\"widget\" data-widget_type=\"image.default\">\n\t\t\t\t\t\t\t\t\t\t\t\t\t\t\t<img decoding=\"async\" src=\"https:\/\/vkgaleb.com\/wp-content\/uploads\/elementor\/thumbs\/s4-rhumso06bhv1w3mmnptzc5pbf68hgnair4zpt80rrc.jpg\" title=\"s4\" alt=\"s4\" loading=\"lazy\" \/>\t\t\t\t\t\t\t\t\t\t\t\t\t\t\t<\/div>\n\t\t<div class=\"elementor-element elementor-element-77f5d85 e-con-full e-flex e-con e-child\" data-id=\"77f5d85\" data-element_type=\"container\">\n\t\t\t\t<div class=\"elementor-element elementor-element-5272b47 elementor-widget__width-initial elementor-widget elementor-widget-image\" data-id=\"5272b47\" data-element_type=\"widget\" data-widget_type=\"image.default\">\n\t\t\t\t\t\t\t\t\t\t\t\t\t\t\t<img decoding=\"async\" width=\"576\" height=\"1024\" src=\"https:\/\/vkgaleb.com\/wp-content\/uploads\/2026\/01\/s2-576x1024.jpg\" class=\"attachment-large size-large wp-image-871\" alt=\"\" srcset=\"https:\/\/vkgaleb.com\/wp-content\/uploads\/2026\/01\/s2-576x1024.jpg 576w, https:\/\/vkgaleb.com\/wp-content\/uploads\/2026\/01\/s2-169x300.jpg 169w, https:\/\/vkgaleb.com\/wp-content\/uploads\/2026\/01\/s2-768x1365.jpg 768w, https:\/\/vkgaleb.com\/wp-content\/uploads\/2026\/01\/s2-864x1536.jpg 864w, https:\/\/vkgaleb.com\/wp-content\/uploads\/2026\/01\/s2.jpg 900w\" sizes=\"(max-width: 576px) 100vw, 576px\" \/>\t\t\t\t\t\t\t\t\t\t\t\t\t\t\t<\/div>\n\t\t\t\t<\/div>\n\t\t\t\t<\/div>\n\t\t\t\t<\/div>\n\t\t\t\t<div class=\"elementor-element elementor-element-8f72403 elementor-widget elementor-widget-text-editor\" data-id=\"8f72403\" data-element_type=\"widget\" data-widget_type=\"text-editor.default\">\n\t\t\t\t\t\t\t\t\t<p>Autor : Prof. Asistent \u017deljko Rajkovi\u0107 sa predmeta Veslanje na DIFu<\/p>\t\t\t\t\t\t\t\t<\/div>\n\t\t\t\t\t<\/div>\n\t\t\t\t<\/div>\n\t\t\t\t<\/div>\n\t\t","protected":false},"excerpt":{"rendered":"<p>Dr Darko Mitrovi\u0107, redovni profesor, ro\u0111en je, 10. aprila 1963. u Beogradu. Osnovnu \u0161kolu \u201eSvetozar Markovi\u0107\u201c poha\u0111ao je i zavr\u0161io u Beogradu. Srednju \u0161kolu je poha\u0111ao i zavr\u0161io na &#8220;Pedago\u0161koj akademiji&#8221; u Beogradu. \u0160kolske 1982\/83, je po\u010deo da studira na Fakultetu fizi\u010dke kulture Univerziteta u Beogradu. Fakultet je zavr\u0161io u redovnom roku, \u0161kolske 1986, odbraniv\u0161i [&hellip;]<\/p>\n","protected":false},"author":1,"featured_media":0,"parent":0,"menu_order":0,"comment_status":"closed","ping_status":"closed","template":"","meta":{"footnotes":""},"class_list":["post-983","page","type-page","status-publish","hentry"],"yoast_head":"<!-- This site is optimized with the Yoast SEO plugin v27.3 - https:\/\/yoast.com\/product\/yoast-seo-wordpress\/ -->\n<title>Poslednji pozdrav od vesla\u010dkog kluba galeb\u200b - VK Galeb<\/title>\n<meta name=\"robots\" content=\"index, follow, max-snippet:-1, max-image-preview:large, max-video-preview:-1\" \/>\n<link rel=\"canonical\" href=\"https:\/\/vkgaleb.com\/index.php\/poslednji-pozdrav-od-veslackog-kluba-galeb\/\" \/>\n<meta property=\"og:locale\" content=\"en_US\" \/>\n<meta property=\"og:type\" content=\"article\" \/>\n<meta property=\"og:title\" content=\"Poslednji pozdrav od vesla\u010dkog kluba galeb\u200b - VK Galeb\" \/>\n<meta property=\"og:description\" content=\"Dr Darko Mitrovi\u0107, redovni profesor, ro\u0111en je, 10. aprila 1963. u Beogradu. Osnovnu \u0161kolu \u201eSvetozar Markovi\u0107\u201c poha\u0111ao je i zavr\u0161io u Beogradu. Srednju \u0161kolu je poha\u0111ao i zavr\u0161io na &#8220;Pedago\u0161koj akademiji&#8221; u Beogradu. \u0160kolske 1982\/83, je po\u010deo da studira na Fakultetu fizi\u010dke kulture Univerziteta u Beogradu. Fakultet je zavr\u0161io u redovnom roku, \u0161kolske 1986, odbraniv\u0161i [&hellip;]\" \/>\n<meta property=\"og:url\" content=\"https:\/\/vkgaleb.com\/index.php\/poslednji-pozdrav-od-veslackog-kluba-galeb\/\" \/>\n<meta property=\"og:site_name\" content=\"VK Galeb\" \/>\n<meta property=\"article:modified_time\" content=\"2026-01-22T14:57:33+00:00\" \/>\n<meta property=\"og:image\" content=\"https:\/\/vkgaleb.com\/wp-content\/uploads\/2026\/01\/s1.jpg\" \/>\n\t<meta property=\"og:image:width\" content=\"1600\" \/>\n\t<meta property=\"og:image:height\" content=\"1200\" \/>\n\t<meta property=\"og:image:type\" content=\"image\/jpeg\" \/>\n<meta name=\"twitter:card\" content=\"summary_large_image\" \/>\n<meta name=\"twitter:label1\" content=\"Est. reading time\" \/>\n\t<meta name=\"twitter:data1\" content=\"5 minutes\" \/>\n<script type=\"application\/ld+json\" class=\"yoast-schema-graph\">{\"@context\":\"https:\\\/\\\/schema.org\",\"@graph\":[{\"@type\":\"WebPage\",\"@id\":\"https:\\\/\\\/vkgaleb.com\\\/index.php\\\/poslednji-pozdrav-od-veslackog-kluba-galeb\\\/\",\"url\":\"https:\\\/\\\/vkgaleb.com\\\/index.php\\\/poslednji-pozdrav-od-veslackog-kluba-galeb\\\/\",\"name\":\"Poslednji pozdrav od vesla\u010dkog kluba galeb\u200b - VK Galeb\",\"isPartOf\":{\"@id\":\"https:\\\/\\\/vkgaleb.com\\\/#website\"},\"primaryImageOfPage\":{\"@id\":\"https:\\\/\\\/vkgaleb.com\\\/index.php\\\/poslednji-pozdrav-od-veslackog-kluba-galeb\\\/#primaryimage\"},\"image\":{\"@id\":\"https:\\\/\\\/vkgaleb.com\\\/index.php\\\/poslednji-pozdrav-od-veslackog-kluba-galeb\\\/#primaryimage\"},\"thumbnailUrl\":\"https:\\\/\\\/vkgaleb.com\\\/wp-content\\\/uploads\\\/2026\\\/01\\\/s1-1024x768.jpg\",\"datePublished\":\"2026-01-22T14:56:24+00:00\",\"dateModified\":\"2026-01-22T14:57:33+00:00\",\"breadcrumb\":{\"@id\":\"https:\\\/\\\/vkgaleb.com\\\/index.php\\\/poslednji-pozdrav-od-veslackog-kluba-galeb\\\/#breadcrumb\"},\"inLanguage\":\"en-US\",\"potentialAction\":[{\"@type\":\"ReadAction\",\"target\":[\"https:\\\/\\\/vkgaleb.com\\\/index.php\\\/poslednji-pozdrav-od-veslackog-kluba-galeb\\\/\"]}]},{\"@type\":\"ImageObject\",\"inLanguage\":\"en-US\",\"@id\":\"https:\\\/\\\/vkgaleb.com\\\/index.php\\\/poslednji-pozdrav-od-veslackog-kluba-galeb\\\/#primaryimage\",\"url\":\"https:\\\/\\\/vkgaleb.com\\\/wp-content\\\/uploads\\\/2026\\\/01\\\/s1.jpg\",\"contentUrl\":\"https:\\\/\\\/vkgaleb.com\\\/wp-content\\\/uploads\\\/2026\\\/01\\\/s1.jpg\",\"width\":1600,\"height\":1200},{\"@type\":\"BreadcrumbList\",\"@id\":\"https:\\\/\\\/vkgaleb.com\\\/index.php\\\/poslednji-pozdrav-od-veslackog-kluba-galeb\\\/#breadcrumb\",\"itemListElement\":[{\"@type\":\"ListItem\",\"position\":1,\"name\":\"Home\",\"item\":\"https:\\\/\\\/vkgaleb.com\\\/\"},{\"@type\":\"ListItem\",\"position\":2,\"name\":\"Poslednji pozdrav od vesla\u010dkog kluba galeb\u200b\"}]},{\"@type\":\"WebSite\",\"@id\":\"https:\\\/\\\/vkgaleb.com\\\/#website\",\"url\":\"https:\\\/\\\/vkgaleb.com\\\/\",\"name\":\"VK Galeb\",\"description\":\"\",\"publisher\":{\"@id\":\"https:\\\/\\\/vkgaleb.com\\\/#organization\"},\"potentialAction\":[{\"@type\":\"SearchAction\",\"target\":{\"@type\":\"EntryPoint\",\"urlTemplate\":\"https:\\\/\\\/vkgaleb.com\\\/?s={search_term_string}\"},\"query-input\":{\"@type\":\"PropertyValueSpecification\",\"valueRequired\":true,\"valueName\":\"search_term_string\"}}],\"inLanguage\":\"en-US\"},{\"@type\":\"Organization\",\"@id\":\"https:\\\/\\\/vkgaleb.com\\\/#organization\",\"name\":\"VK Galeb\",\"url\":\"https:\\\/\\\/vkgaleb.com\\\/\",\"logo\":{\"@type\":\"ImageObject\",\"inLanguage\":\"en-US\",\"@id\":\"https:\\\/\\\/vkgaleb.com\\\/#\\\/schema\\\/logo\\\/image\\\/\",\"url\":\"https:\\\/\\\/vkgaleb.com\\\/wp-content\\\/uploads\\\/2026\\\/01\\\/cropped-galeb_logo-100x100-1.png\",\"contentUrl\":\"https:\\\/\\\/vkgaleb.com\\\/wp-content\\\/uploads\\\/2026\\\/01\\\/cropped-galeb_logo-100x100-1.png\",\"width\":100,\"height\":100,\"caption\":\"VK Galeb\"},\"image\":{\"@id\":\"https:\\\/\\\/vkgaleb.com\\\/#\\\/schema\\\/logo\\\/image\\\/\"}}]}<\/script>\n<!-- \/ Yoast SEO plugin. -->","yoast_head_json":{"title":"Poslednji pozdrav od vesla\u010dkog kluba galeb\u200b - VK Galeb","robots":{"index":"index","follow":"follow","max-snippet":"max-snippet:-1","max-image-preview":"max-image-preview:large","max-video-preview":"max-video-preview:-1"},"canonical":"https:\/\/vkgaleb.com\/index.php\/poslednji-pozdrav-od-veslackog-kluba-galeb\/","og_locale":"en_US","og_type":"article","og_title":"Poslednji pozdrav od vesla\u010dkog kluba galeb\u200b - VK Galeb","og_description":"Dr Darko Mitrovi\u0107, redovni profesor, ro\u0111en je, 10. aprila 1963. u Beogradu. Osnovnu \u0161kolu \u201eSvetozar Markovi\u0107\u201c poha\u0111ao je i zavr\u0161io u Beogradu. Srednju \u0161kolu je poha\u0111ao i zavr\u0161io na &#8220;Pedago\u0161koj akademiji&#8221; u Beogradu. \u0160kolske 1982\/83, je po\u010deo da studira na Fakultetu fizi\u010dke kulture Univerziteta u Beogradu. Fakultet je zavr\u0161io u redovnom roku, \u0161kolske 1986, odbraniv\u0161i [&hellip;]","og_url":"https:\/\/vkgaleb.com\/index.php\/poslednji-pozdrav-od-veslackog-kluba-galeb\/","og_site_name":"VK Galeb","article_modified_time":"2026-01-22T14:57:33+00:00","og_image":[{"width":1600,"height":1200,"url":"https:\/\/vkgaleb.com\/wp-content\/uploads\/2026\/01\/s1.jpg","type":"image\/jpeg"}],"twitter_card":"summary_large_image","twitter_misc":{"Est. reading time":"5 minutes"},"schema":{"@context":"https:\/\/schema.org","@graph":[{"@type":"WebPage","@id":"https:\/\/vkgaleb.com\/index.php\/poslednji-pozdrav-od-veslackog-kluba-galeb\/","url":"https:\/\/vkgaleb.com\/index.php\/poslednji-pozdrav-od-veslackog-kluba-galeb\/","name":"Poslednji pozdrav od vesla\u010dkog kluba galeb\u200b - VK Galeb","isPartOf":{"@id":"https:\/\/vkgaleb.com\/#website"},"primaryImageOfPage":{"@id":"https:\/\/vkgaleb.com\/index.php\/poslednji-pozdrav-od-veslackog-kluba-galeb\/#primaryimage"},"image":{"@id":"https:\/\/vkgaleb.com\/index.php\/poslednji-pozdrav-od-veslackog-kluba-galeb\/#primaryimage"},"thumbnailUrl":"https:\/\/vkgaleb.com\/wp-content\/uploads\/2026\/01\/s1-1024x768.jpg","datePublished":"2026-01-22T14:56:24+00:00","dateModified":"2026-01-22T14:57:33+00:00","breadcrumb":{"@id":"https:\/\/vkgaleb.com\/index.php\/poslednji-pozdrav-od-veslackog-kluba-galeb\/#breadcrumb"},"inLanguage":"en-US","potentialAction":[{"@type":"ReadAction","target":["https:\/\/vkgaleb.com\/index.php\/poslednji-pozdrav-od-veslackog-kluba-galeb\/"]}]},{"@type":"ImageObject","inLanguage":"en-US","@id":"https:\/\/vkgaleb.com\/index.php\/poslednji-pozdrav-od-veslackog-kluba-galeb\/#primaryimage","url":"https:\/\/vkgaleb.com\/wp-content\/uploads\/2026\/01\/s1.jpg","contentUrl":"https:\/\/vkgaleb.com\/wp-content\/uploads\/2026\/01\/s1.jpg","width":1600,"height":1200},{"@type":"BreadcrumbList","@id":"https:\/\/vkgaleb.com\/index.php\/poslednji-pozdrav-od-veslackog-kluba-galeb\/#breadcrumb","itemListElement":[{"@type":"ListItem","position":1,"name":"Home","item":"https:\/\/vkgaleb.com\/"},{"@type":"ListItem","position":2,"name":"Poslednji pozdrav od vesla\u010dkog kluba galeb\u200b"}]},{"@type":"WebSite","@id":"https:\/\/vkgaleb.com\/#website","url":"https:\/\/vkgaleb.com\/","name":"VK Galeb","description":"","publisher":{"@id":"https:\/\/vkgaleb.com\/#organization"},"potentialAction":[{"@type":"SearchAction","target":{"@type":"EntryPoint","urlTemplate":"https:\/\/vkgaleb.com\/?s={search_term_string}"},"query-input":{"@type":"PropertyValueSpecification","valueRequired":true,"valueName":"search_term_string"}}],"inLanguage":"en-US"},{"@type":"Organization","@id":"https:\/\/vkgaleb.com\/#organization","name":"VK Galeb","url":"https:\/\/vkgaleb.com\/","logo":{"@type":"ImageObject","inLanguage":"en-US","@id":"https:\/\/vkgaleb.com\/#\/schema\/logo\/image\/","url":"https:\/\/vkgaleb.com\/wp-content\/uploads\/2026\/01\/cropped-galeb_logo-100x100-1.png","contentUrl":"https:\/\/vkgaleb.com\/wp-content\/uploads\/2026\/01\/cropped-galeb_logo-100x100-1.png","width":100,"height":100,"caption":"VK Galeb"},"image":{"@id":"https:\/\/vkgaleb.com\/#\/schema\/logo\/image\/"}}]}},"_links":{"self":[{"href":"https:\/\/vkgaleb.com\/index.php\/wp-json\/wp\/v2\/pages\/983","targetHints":{"allow":["GET"]}}],"collection":[{"href":"https:\/\/vkgaleb.com\/index.php\/wp-json\/wp\/v2\/pages"}],"about":[{"href":"https:\/\/vkgaleb.com\/index.php\/wp-json\/wp\/v2\/types\/page"}],"author":[{"embeddable":true,"href":"https:\/\/vkgaleb.com\/index.php\/wp-json\/wp\/v2\/users\/1"}],"replies":[{"embeddable":true,"href":"https:\/\/vkgaleb.com\/index.php\/wp-json\/wp\/v2\/comments?post=983"}],"version-history":[{"count":7,"href":"https:\/\/vkgaleb.com\/index.php\/wp-json\/wp\/v2\/pages\/983\/revisions"}],"predecessor-version":[{"id":990,"href":"https:\/\/vkgaleb.com\/index.php\/wp-json\/wp\/v2\/pages\/983\/revisions\/990"}],"wp:attachment":[{"href":"https:\/\/vkgaleb.com\/index.php\/wp-json\/wp\/v2\/media?parent=983"}],"curies":[{"name":"wp","href":"https:\/\/api.w.org\/{rel}","templated":true}]}}